{"id":14,"date":"2016-08-23T23:19:24","date_gmt":"2016-08-24T02:19:24","guid":{"rendered":"http:\/\/localhost\/necon\/?page_id=14"},"modified":"2021-04-27T21:21:14","modified_gmt":"2021-04-28T00:21:14","slug":"base-de-dados","status":"publish","type":"page","link":"http:\/\/necon.iesp.uerj.br\/index.php\/base-de-dados\/","title":{"rendered":"Dados"},"content":{"rendered":"<p>O NECON tem como um dos seus objetivos primordiais o fortalecimento das pesquisas acad\u00eamicas sobre o legislativo brasileiro em seus diversos n\u00edveis.\u00a0Por isso, incentivamos a produ\u00e7\u00e3o cont\u00ednua de base de dados sobre as vota\u00e7\u00f5es nominais, migra\u00e7\u00e3o partid\u00e1ria, indica\u00e7\u00e3o de voto em plen\u00e1rio por parte das lideran\u00e7as partid\u00e1rias, produ\u00e7\u00f5es legislativas etc.<\/p>\n","protected":false},"excerpt":{"rendered":"<p>O NECON tem como um dos seus objetivos primordiais o fortalecimento das pesquisas acad\u00eamicas sobre o legislativo brasileiro em seus diversos n\u00edveis.\u00a0Por isso, incentivamos a produ\u00e7\u00e3o cont\u00ednua de base de dados sobre as vota\u00e7\u00f5es nominais, migra\u00e7\u00e3o partid\u00e1ria, indica\u00e7\u00e3o de voto em plen\u00e1rio por parte das lideran\u00e7as partid\u00e1rias, produ\u00e7\u00f5es legislativas etc.<\/p>\n","protected":false},"author":1,"featured_media":0,"parent":0,"menu_order":0,"comment_status":"closed","ping_status":"closed","template":"page-basededados.php","meta":{"_acf_changed":false,"footnotes":""},"class_list":["post-14","page","type-page","status-publish","hentry"],"acf":[],"_links":{"self":[{"href":"http:\/\/necon.iesp.uerj.br\/index.php\/wp-json\/wp\/v2\/pages\/14","targetHints":{"allow":["GET"]}}],"collection":[{"href":"http:\/\/necon.iesp.uerj.br\/index.php\/wp-json\/wp\/v2\/pages"}],"about":[{"href":"http:\/\/necon.iesp.uerj.br\/index.php\/wp-json\/wp\/v2\/types\/page"}],"author":[{"embeddable":true,"href":"http:\/\/necon.iesp.uerj.br\/index.php\/wp-json\/wp\/v2\/users\/1"}],"replies":[{"embeddable":true,"href":"http:\/\/necon.iesp.uerj.br\/index.php\/wp-json\/wp\/v2\/comments?post=14"}],"version-history":[{"count":9,"href":"http:\/\/necon.iesp.uerj.br\/index.php\/wp-json\/wp\/v2\/pages\/14\/revisions"}],"predecessor-version":[{"id":375,"href":"http:\/\/necon.iesp.uerj.br\/index.php\/wp-json\/wp\/v2\/pages\/14\/revisions\/375"}],"wp:attachment":[{"href":"http:\/\/necon.iesp.uerj.br\/index.php\/wp-json\/wp\/v2\/media?parent=14"}],"curies":[{"name":"wp","href":"https:\/\/api.w.org\/{rel}","templated":true}]}}

<p>O NECON tem como um dos seus objetivos primordiais o fortalecimento das pesquisas acadêmicas sobre o legislativo brasileiro em seus diversos níveis. Por isso, incentivamos a produção contínua de base de dados sobre as votações nominais, migração partidária, indicação de voto em plenário por parte das lideranças partidárias, produções legislativas etc.</p>
