{"id":20,"date":"2016-08-23T23:20:31","date_gmt":"2016-08-24T02:20:31","guid":{"rendered":"http:\/\/localhost\/necon\/?page_id=20"},"modified":"2021-04-28T21:35:13","modified_gmt":"2021-04-29T00:35:13","slug":"producoes-academicas","status":"publish","type":"page","link":"http:\/\/necon.iesp.uerj.br\/index.php\/producoes-academicas\/","title":{"rendered":"Publica\u00e7\u00f5es acad\u00eamicas"},"content":{"rendered":"<p>Artigos publicados em revistas acad\u00eamicas, livros e debates na literatura da ci\u00eancia pol\u00edtica\u00a0de\u00a0pesquisadores do NECON.\u00a0Os temas e objetos de an\u00e1lise variam: desde o Legislativo e a sua rela\u00e7\u00e3o com os outros poderes, partidos, sistemas partid\u00e1rios, elei\u00e7\u00f5es e sistemas eleitorais.<\/p>\n","protected":false},"excerpt":{"rendered":"<p>Artigos publicados em revistas acad\u00eamicas, livros e debates na literatura da ci\u00eancia pol\u00edtica\u00a0de\u00a0pesquisadores do NECON.\u00a0Os temas e objetos de an\u00e1lise variam: desde o Legislativo e a sua rela\u00e7\u00e3o com os outros poderes, partidos, sistemas partid\u00e1rios, elei\u00e7\u00f5es e sistemas eleitorais.<\/p>\n","protected":false},"author":1,"featured_media":0,"parent":0,"menu_order":0,"comment_status":"closed","ping_status":"closed","template":"page-producaoacademica.php","meta":{"_acf_changed":false,"footnotes":""},"class_list":["post-20","page","type-page","status-publish","hentry"],"acf":[],"_links":{"self":[{"href":"http:\/\/necon.iesp.uerj.br\/index.php\/wp-json\/wp\/v2\/pages\/20","targetHints":{"allow":["GET"]}}],"collection":[{"href":"http:\/\/necon.iesp.uerj.br\/index.php\/wp-json\/wp\/v2\/pages"}],"about":[{"href":"http:\/\/necon.iesp.uerj.br\/index.php\/wp-json\/wp\/v2\/types\/page"}],"author":[{"embeddable":true,"href":"http:\/\/necon.iesp.uerj.br\/index.php\/wp-json\/wp\/v2\/users\/1"}],"replies":[{"embeddable":true,"href":"http:\/\/necon.iesp.uerj.br\/index.php\/wp-json\/wp\/v2\/comments?post=20"}],"version-history":[{"count":7,"href":"http:\/\/necon.iesp.uerj.br\/index.php\/wp-json\/wp\/v2\/pages\/20\/revisions"}],"predecessor-version":[{"id":450,"href":"http:\/\/necon.iesp.uerj.br\/index.php\/wp-json\/wp\/v2\/pages\/20\/revisions\/450"}],"wp:attachment":[{"href":"http:\/\/necon.iesp.uerj.br\/index.php\/wp-json\/wp\/v2\/media?parent=20"}],"curies":[{"name":"wp","href":"https:\/\/api.w.org\/{rel}","templated":true}]}}